 prime factors of f.
2, 1523
Let w = -11323 - -18192. What are the prime factors of w?
6869
Let j = -79284 - -114609. What are the prime factors of j?
3, 5, 157
What are the prime factors of (-13*(-4)/234)/(4/75234)*3?
12539
Suppose 0 = 5*b + 4*s + 1053 - 4243, 5*b - 4*s - 3150 = 0. Suppose -3*q + 1890 - b = -4*n, -3 = -3*n. What are the prime factors of q?
2, 3, 5, 7
Let v be (-16)/(-7) + 16/(-56). Suppose -v*h - 3*r + 220 = 0, 0*h + r + 115 = h. List the prime factors of h/5 - 2/(-5).
23
Let g be 420/9*(-3 - 66/(-10)). Let d = g + -124. What are the prime factors of d?
2, 11
Suppose 0 = 4*o + 5*j - 973, -2*j = 5*o - 7*j - 1160. Suppose 0 = -5*g - 3*w + 41 + o, 0 = -5*w + 5. What are the prime factors of g?
5, 11
Suppose 3197*c + 4023 = 3198*c. What are the prime factors of c?
3, 149
Let s be ((-16060)/(-33))/((-4)/(-6)). Suppose -380 = -m - 2*a, -77*m + 2*a = -75*m - s. List the prime factors of m.
2, 5, 37
Let p(k) be the second derivative of 0*k**4 + 3*k + 0*k**2 - 23/20*k**5 - 1/2*k**3 + 0. What are the prime factors of p(-2)?
2, 5, 19
Suppose -142 = 4*u - 154. Suppose 1140 + 681 = u*b. List the prime factors of b.
607
Let r = -521 + 791. Suppose s = r + 45. What are the prime factors of s?
3, 5, 7
Let o = 12817 + -701. List the prime factors of o.
2, 13, 233
Suppose 19243 + 13138 = 22*v - 67477. What are the prime factors of v?
3, 17, 89
Suppose 0 = 3*f + 5*g - 15, g + 12 = 3*f + 5*g. Suppose f*o + 4*a = 3*o - 369, 3*o - 387 = -2*a. List the prime factors of o.
127
Let v be 0 - (9/3 + 2). Let q(u) = -19*u + 14. Let a(r) = 36*r - 27. Let t(n) = v*q(n) - 2*a(n). What are the prime factors of t(8)?
2, 3, 7
Let w(t) = 3*t**2 - t + 1. Suppose 5*n = a + 32, -3*a - 8 = -n + 4. Let k be w(n). Let u = k - 4. What are the prime factors of u?
3, 11
Suppose -26*f + 9*f - 4*f = -13608. List the prime factors of f.
2, 3
Let h(r) = -r**3 - 18*r**2 + 3*r + 54. Let n be h(-18). Suppose 0 = -2*i + x + 91, n = -5*i + x - 3*x + 250. List the prime factors of i.
2, 3
Let c = -199 + 203. What are the prime factors of (97 - -7) + 0 + c + 0?
2, 3
Suppose h = -2*g - 2 - 4, -g = -2*h - 12. Let s(r) = 13*r**2 - 13*r**2 + 3*r**2 + 17. List the prime factors of s(h).
5
Suppose 4*q - 151 = -3*g + 2450, 4*q - 2591 = -5*g. List the prime factors of q.
2, 3, 109
Let n = -13033 - -39185. What are the prime factors of n?
2, 7, 467
Suppose 15 = 3*m - t + 1, m - 5*t = 14. Let y be 2 + -6 + (m - 3). What are the prime factors of (0 - -87)/(y + 0 + 4)?
3, 29
Let t = -3724 - -5304. Let a = t + -1053. What are the prime factors of a?
17, 31
Let s be 1 + (-5 - -7 - (-1798)/2). Suppose -s + 4262 = 24*o. List the prime factors of o.
2, 5, 7
Suppose 28 = -4*f + 11*f. Suppose 3*c = f*s - 1475, 5*s = -0*c - 2*c + 1861. What are the prime factors of s?
7, 53
Let g(q) = 25250*q**3 + 2*q**2 - 6*q + 2. List the prime factors of g(1).
2, 3, 263
Let b(d) = 791*d - 1635. List the prime factors of b(76).
58481
Suppose -6*k + 28133 = -8863. List the prime factors of k.
2, 3083
Let n(i) = 5*i**2 - i. Suppose -1 + 4 = -3*f. Let b be n(f). Let a(g) = 5*g**2 - 12*g + 25. What are the prime factors of a(b)?
7, 19
Suppose -38287 = -138*v - 149*v + 257897. List the prime factors of v.
2, 3, 43
Suppose 0 = 2*u + 3*u + 45, -4*z = -u - 74265. List the prime factors of z.
2, 3, 7, 13, 17
Let z = -91 + 43. Let x = -46 - z. Suppose 5*h - 458 = -x*b - 91, 0 = -4*h - 12. List the prime factors of b.
191
Let h be (-18)/27 + 748/(-12). What are the prime factors of 25179/h*(-3)/1?
11, 109
Let k = 7 + -5. Let n be 3 - 2 - (-55 - k). Let w = 247 - n. List the prime factors of w.
3, 7
Let a(l) = -71*l + 18. Let j(g) = -145*g + 35. Let b(r) = -7*a(r) + 4*j(r). List the prime factors of b(-2).
2, 3, 5
Suppose -2*b = 4*w - 8, 4*b = 3*w - 6*w + 6. Suppose 18*d - 15*d + 81 = b. List the prime factors of (8 - (-222)/d) + 650/9.
2, 3
Let v be -76*(84/(-22) - 10/55). Let g = v + -159. Suppose -41 = 8*t - g. List the prime factors of t.
13
Let r = 1348 + -959. List the prime factors of r.
389
Let v(a) = 26174*a**3 - 6*a**2 + 3*a + 4. What are the prime factors of v(1)?
3, 5, 349
Suppose 0 = 4*j - 2*j - 2*q - 53608, -4*j + 5*q + 107221 = 0. What are the prime factors of j?
3, 8933
Let p = -3165 + 1937. Let j = -854 - p. What are the prime factors of j?
2, 11, 17
Let l(m) = -8 - 3 + 1 - 2 + 6*m. Let p be l(10). Suppose -3*f = 2*u - 162, -2*f + 3*u = -p - 47. List the prime factors of f.
2, 13
Let p(c) = 922*c**2 - 16*c + 6. What are the prime factors of p(3)?
2, 3, 43
Let t(w) = 228*w**2 - 3*w - 25. What are the prime factors of t(4)?
23, 157
Let l(g) = 6*g**3 - 4*g**2 - 7*g + 40. Let t(o) = -7*o**3 + 3*o**2 + 6*o - 39. Let u(b) = 4*l(b) + 3*t(b). List the prime factors of u(5).
193
Let o(v) = v**2 - v - 1. Let u(f) = 3*f**3 + 12*f**2. Let h(c) = 4*o(c) - u(c). List the prime factors of h(-4).
2, 19
Suppose 0 = -4*o + 3*b + 15 + 13, -2*o + 4*b = -4. Let w(l) = l**2 - 14*l**3 + 12*l - 8*l**2 - o + 10*l**3 + 3*l**3. What are the prime factors of w(-9)?
2, 11
Let g be 2656/112 + 4/14. Suppose -6*a - 2*a = -g. Suppose -a*j = 3*j - 492. List the prime factors of j.
2, 41
Suppose -2*m + 3*b = 4 - 0, 4*m + 3*b - 28 = 0. Suppose -5*q + m*q = -11. Suppose 0 = -q*z + 8*z + 93. What are the prime factors of z?
31
What are the prime factors of (-35107)/(-5) + (-26)/(-715)*-11?
7, 17, 59
Let n be 3476/154 + 4/(-7). Let x = n + 185. List the prime factors of x.
3, 23
Let n be -1 + 1 + 2 + 1. Suppose 0 = -6*k + n*k + 321. Let j = k - 48. What are the prime factors of j?
59
Suppose 0*r = -5*h + 2*r - 25, -3*h + 4*r - 1 = 0. Let j = h + 45. Let i = j - 16. List the prime factors of i.
2, 11
Suppose 13*h - 13455 = -624. What are the prime factors of h?
3, 7, 47
Suppose 5*r + 28 = -9*r. What are the prime factors of r/(-4)*(760 - -6)?
383
What are the prime factors of -18*(-15 + (-12110)/90)?
2, 673
Let w(q) be the first derivative of 25/2*q**2 - 1/3*q**3 + 5 - 5*q. List the prime factors of w(15).
5, 29
Suppose -2*j - 96 = -102. Suppose -2277 = -j*n - 804. What are the prime factors of n?
491
Suppose 0 = -13*n + 10*n + 15993. List the prime factors of n.
3, 1777
Let b(n) = n**3 - 7*n**2 + 13*n + 36. Suppose 6*h - 45 = 21. What are the prime factors of b(h)?
3, 13, 17
Suppose 5*m = -5*s + 31865, 5*m - 2*s = 3611 + 28219. What are the prime factors of m?
2, 199
Let x(d) = 11*d - 5. Let v(g) = -43*g + 19. Let i(o) = 6*v(o) + 22*x(o). Let k be i(-3). Let s = 116 - k. List the prime factors of s.
2
List the prime factors of (6 + (-76)/16)/(11/176704).
2, 5, 251
Let c be ((-12920)/6)/(((-6)/(-27))/(-2)). What are the prime factors of c/34 + -5 + 1?
2, 283
Let h be (1 + -12)*(0 + -7)/7. Suppose h*j = 77 + 55. Suppose -15*p + j*p + 132 = 0. What are the prime factors of p?
2, 11
Suppose 0 = 3*b - 3*l - 4362, 0 = 5*b + 4*l + l - 7280. What are the prime factors of b?
3, 5, 97
Suppose -62*n = -143*n + 69*n + 296928. List the prime factors of n.
2, 3, 1031
Suppose 0 = -4*o + 6*o, -2*f - o = -8. Suppose -g = -f*r - 295, 2*r = -3*g + r + 950. Suppose -8*y + g = -5*y. What are the prime factors of y?
3, 5, 7
Let u(s) = -14*s**3 + 14*s**2 - 49*s - 27. Let q(r) = -5*r**3 + 5*r**2 - 16*r - 9. Let x(b) = -11*q(b) + 4*u(b). What are the prime factors of x(-8)?
727
Let x(i) = 10 + 82*i - 6 - 8. Let h be x(2). List the prime factors of ((-72)/(-30))/(6/h).
2
Let o(i) = 19 + i**3 + 5*i**2 - 5*i - 6*i + 8*i**2 + 2*i**2. List the prime factors of o(-13).
2, 5
Let k(o) = 16*o**2 + 4*o - 1. Let j be k(3). Let w = 5017 - 4912. Suppose 5*z - j = w. List the prime factors of z.
2, 13
Let x = 4899 - 371. What are the prime factors of x?
2, 283
Suppose -3*h = 129 + 429. Let f(v) = -v**2 - 33*v - 247. Let t be f(-12). List the prime factors of ((t/2)/5)/((-3)/h).
31
Suppose 31*p + 32*p - 1880886 = 6*p. What are the prime factors of p?
2, 7, 2357
Suppose 4*r - 4*j = 8*r - 4, 2*j = r - 4. Suppose v - 6 = -r. Suppose -217 = -4*c - m - 4*m, 0 = -v*c + 5*m + 207. What are the prime factors of c?
53
Let s be -1584 + -4 - -4*1. Let x be s/(-40) - (-1)/((-5)/(-2)). What are the prime factors of (-3)/(1 - 46/x)?
2, 5
Let s = -637 - -649. Let k(r) = 8*r**2 + 5*r - 66. What are the prime factors of k(s)?
2, 3, 191
Let w(c) = -44*c**3 - 9*c**2 + 35*c + 263. What are the prime fa